{"id":6,"date":"2017-09-20T04:50:23","date_gmt":"2017-09-20T04:50:23","guid":{"rendered":"https:\/\/www.profemvotice.cz\/?page_id=6"},"modified":"2026-03-31T07:46:53","modified_gmt":"2026-03-31T07:46:53","slug":"home","status":"publish","type":"page","link":"https:\/\/www.profemvotice.cz\/","title":{"rendered":"Dom\u016f"},"content":{"rendered":"\n\n\t<h1>\n\t\t\t\t\tGynekologick\u00e1 ambulance<br \/>v centru m\u011bsta Votice\n\t\t\t\t<\/h1>\n\t\t\t<p>Gynekologick\u00e1 ambulance MUDr. Martina Valachovi\u010de se nach\u00e1z\u00ed ve Votic\u00edch, s dobrou dostupnost\u00ed z Bene\u0161ova, Sedl\u010dan, T\u00e1bora a Vla\u0161imi.<\/p>\n<p><em><strong>INFO<\/strong><\/em><\/p>\n<p>\u00a0<\/p>\n<p>V tyto uveden\u00e9 dny a tak\u00e9 mimo pracovn\u00ed dobu na\u0161\u00ed ambulance v akutn\u00edch p\u0159\u00edpadech\u00a0 zastupuje <strong>gynekologick\u00e1 ambulance<\/strong> <strong>nemocnice Bene\u0161ov.<\/strong><\/p>\n<p>\u00a0<\/p>\n\t<h2>\n\t\t\t\t\tMUDr. Martin Valachovi\u010d\n\t\t\t\t<\/h2>\n\t\t\t<p>Ambulanc\u00ed gynekologie a porodnictv\u00ed MUDr. Martina Valachovi\u010de ve Votic\u00edch navazuji na mou mnohaletou zku\u0161enost a pr\u00e1ci l\u00e9ka\u0159e z oblasti gynekologie, porodnictv\u00ed a tak\u00e9 asistovan\u00e9 reprodukce, kde jsem pracoval i na pozic\u00edch vedouc\u00edho l\u00e9ka\u0159e na n\u011bkolika uzn\u00e1van\u00fdch pra\u017esk\u00fdch klinick\u00fdch pracovi\u0161t\u00edch.<\/p>\n<p>Tyto zku\u0161enosti s mezioborov\u00fdm p\u0159esahem, komunikac\u00ed, empati\u00ed a efektivn\u00ed diagnostikou a l\u00e9\u010dbou gynekologick\u00fdch onemocn\u011bn\u00ed uplat\u0148uji i nad\u00e1le ve sv\u00e9 soukrom\u00e9 praxi ve Votic\u00edch.<\/p>\n\t\t\t\t<img decoding=\"async\" src=\"http:\/\/www.profemvotice.cz\/wp-content\/uploads\/2023\/03\/martin.jpg\" alt=\"martin\" itemprop=\"image\" title=\"martin\" onerror=\"this.style.display='none'\"  \/>\n\t<h2>\n\t\t\t\t\tObjednejte se\n\t\t\t\t<\/h2>\n\t\t\t<p>Nev\u00e1hejte n\u00e1s kontaktovat&#8230;<\/p>\n<p>Pro na\u0161e pacientky zav\u00e1d\u00edme on-line slu\u017eby pro jednodu\u0161\u0161\u00ed komunikaci s ordinac\u00ed (m\u00edsto telefonu a emailu). V nab\u00eddce je objedn\u00e1n\u00ed, \u017e\u00e1dost o recept a dal\u0161\u00ed slu\u017eby. Pro p\u0159\u00edstup je nutn\u00e9 m\u00edt v kart\u011b pacienta v ordinaci ulo\u017eenou Va\u0161i kontaktn\u00ed emailovou adresu.<\/p>\n<p>\u00a0<\/p>\n<p><strong>P\u0158\u00cdSTUP DO SYST\u00c9MU <\/strong><a href=\"https:\/\/v3.smartmedix.net\/?reg=27197301\" data-saferedirecturl=\"https:\/\/www.google.com\/url?q=https:\/\/v3.smartmedix.net\/?reg%3D27197301&amp;source=gmail&amp;ust=1698836298885000&amp;usg=AOvVaw3RyF0M4oIfMLP5ErqZNwf0\"><strong>ZDE<\/strong><\/a><\/p>\n<table cellspacing=\"0\" cellpadding=\"0\" align=\"left\">\n<tbody>\n<tr>\n<td><a href=\"https:\/\/v3.smartmedix.net\/?reg=27197301\" target=\"_blank\" rel=\"noopener\" data-saferedirecturl=\"https:\/\/www.google.com\/url?q=https:\/\/v3.smartmedix.net\/?reg%3D27197301&amp;source=gmail&amp;ust=1698825172113000&amp;usg=AOvVaw2qKr7k1vbO_d4JS34ivDrn\"><img loading=\"lazy\" decoding=\"async\" title=\"\" src=\"https:\/\/mail.google.com\/mail\/u\/0?ui=2&amp;ik=6e4379eca5&amp;attid=0.2&amp;permmsgid=msg-f:1780669402701958603&amp;th=18b635632a750dcb&amp;view=fimg&amp;fur=ip&amp;sz=s0-l75-ft&amp;attbid=ANGjdJ8j1_bBKfGNCP5qdCoywBTTvJ5d4VULlxNltIPQv1Qc0X4cUFgXr_wiN-492NgQLrreWKnXuRl0D33vzgpkLlGglZuIMepoEIAFsn-mpdapM3_-KQOVwaK8mP4&amp;disp=emb\" alt=\"On-line slu\u017eby\" width=\"154\" height=\"42\" border=\"0\" data-image-whitelisted=\"\" data-bit=\"iit\" \/><\/a><\/td>\n<\/tr>\n<\/tbody>\n<\/table>\n<p><a name=\"m_7300766300938475689__Hlk144706718\"><\/a><b>\u00a0<\/b><\/p>\n<p><a name=\"m_7300766300938475689__Hlk144706718\"><\/a><b>\u00a0<\/b><\/p>\n\t<ul>\n\t\t<li>\t\t\t\t\n\t\t<h6>Kontaktovat n\u00e1s m\u016f\u017eete telefonicky<\/h6><\/li>\t<\/ul>\n\t<h3>\n\t\t\t\t\t<a href=\"tel:+420 725 075 805\" title=\"+(420) 725 075 805\" target=\"_self\">\n\t\t\t\t\t\t+(420) 725 075 805\n\t\t\t\t\t\t<\/a>\n\t\t\t<\/h3>\n\t\t\t<p>NEPSAT SMS- NEREAGUJEME\u00a0<\/p>\n\t\t\t\t<img decoding=\"async\" src=\"http:\/\/www.profemvotice.cz\/wp-content\/uploads\/2023\/03\/martin3.jpg\" alt=\"martin3\" itemprop=\"image\" title=\"martin3\" onerror=\"this.style.display='none'\"  \/>\n\t<h2>\n\t\t\t\t\tProfem s.r.o. zaji\u0161\u0165uje:\n\t\t\t\t<\/h2>\n\t<h5>\n\t\t\t\t\tGynekologick\u00e1 ambulance\n\t\t\t\t<\/h5>\n\t\t\t<ul>\n<li>gynekologick\u00e1 preventivn\u00ed vy\u0161et\u0159en\u00ed<\/li>\n<li>LBC cytologie &#8211; nov\u00fd typ odb\u011bru \u201edo tekut\u00e9ho m\u00e9dia&#8220; &#8211; hrad\u00ed klientka<\/li>\n<li>UZ vy\u0161et\u0159en\u00ed: <strong>nov\u011b nab\u00edz\u00edme vy\u0161et\u0159en\u00ed USG ve 4D obraze<\/strong><\/li>\n<li>antikoncep\u010dn\u00ed poradnu<\/li>\n<li>doporu\u010den\u00ed k vy\u0161et\u0159en\u00ed sr\u00e1\u017elivosti krve pro u\u017eivatelky<\/li>\n<li>antikoncepce &#8211; na vlastn\u00ed \u017e\u00e1dost hrad\u00ed klientka<\/li>\n<li>kompletn\u00ed vy\u0161et\u0159en\u00ed obou partner\u016f p\u0159i sterilit\u011b, d\u00e1le doporu\u010den\u00ed dal\u0161\u00ed l\u00e9\u010dby a proveden\u00ed l\u00e9\u010debn\u00fdch postup\u016f v r\u00e1mci asistovan\u00e9 reprodukce v kooperaci se \u0161pi\u010dkov\u00fdm specializovan\u00fdm pracovi\u0161t\u011bm IVF v Praze<\/li>\n<li>klimakterick\u00e1 poradna<\/li>\n<li>doporu\u010den\u00ed na mamografick\u00e1 vy\u0161et\u0159en\u00ed<\/li>\n<li>objedn\u00e1v\u00e1n\u00ed opera\u010dn\u00edch v\u00fdkon\u016f, v\u010detn\u011b n\u00e1sledn\u00e9 p\u00e9\u010de<\/li>\n<\/ul>\n<h4>\u00a0<\/h4>\n<h4>d\u00e1le:<\/h4>\n<h4>\u00a0<\/h4>\n<ul>\n<li>t\u011bhotenskou poradnu &#8211; p\u00e9\u010de o fyziologicky prob\u00edhaj\u00edc\u00ed t\u011bhotenstv\u00ed<\/li>\n<li>UZ vy\u0161et\u0159en\u00ed plodu<\/li>\n<li>k dispozici kardiotokografick\u00e9 vy\u0161et\u0159en\u00ed &#8211; \u201emonitor&#8220;<\/li>\n<li>p\u0159i genetick\u00e9m vy\u0161et\u0159ov\u00e1n\u00ed v t\u011bhotenstv\u00ed spolupracujeme p\u0159ev\u00e1\u017en\u011b s genetick\u00fdm pracovi\u0161t\u011bm NZZ CLG \u010cesk\u00e9 Bud\u011bjovice<\/li>\n<\/ul>\n\t<h5>\n\t\t\t\t\tMUDr. Martin Valachovi\u010d\n\t\t\t\t<\/h5>\n\t\t\t<p>Gynekolog<\/p>\n\t<h2>\n\t\t\t\t\tPoji\u0161tovny\n\t\t\t\t<\/h2>\n\t\t\t<p>Akceptujeme tyto poji\u0161tovny<\/p>\n\t\t\t\t<a href=\"https:\/\/www.vzp.cz\/\" target=\"_blank\" rel=\"noopener\"  itemprop=\"url\">\n\t\t\t\t<img decoding=\"async\" src=\"http:\/\/www.profemvotice.cz\/wp-content\/uploads\/2023\/03\/vzp-1.png\" alt=\"vzp-1\" itemprop=\"image\" title=\"vzp-1\" onerror=\"this.style.display='none'\"  \/>\n\t\t\t\t<\/a>\n\t\t\t\t<a href=\"https:\/\/www.vozp.cz\/\" target=\"_blank\" rel=\"noopener\"  itemprop=\"url\">\n\t\t\t\t<img decoding=\"async\" src=\"http:\/\/www.profemvotice.cz\/wp-content\/uploads\/2023\/03\/vozp-1.png\" alt=\"vozp-1\" itemprop=\"image\" title=\"vozp-1\" onerror=\"this.style.display='none'\"  \/>\n\t\t\t\t<\/a>\n\t\t\t\t<a href=\"https:\/\/cpzp.cz\/\" target=\"_blank\" rel=\"noopener\"  itemprop=\"url\">\n\t\t\t\t<img decoding=\"async\" src=\"http:\/\/www.profemvotice.cz\/wp-content\/uploads\/2023\/03\/cpzp-1.png\" alt=\"cpzp-1\" itemprop=\"image\" title=\"cpzp-1\" onerror=\"this.style.display='none'\"  \/>\n\t\t\t\t<\/a>\n\t\t\t\t<a href=\"https:\/\/www.ozp.cz\/\" target=\"_blank\" rel=\"noopener\"  itemprop=\"url\">\n\t\t\t\t<img decoding=\"async\" src=\"http:\/\/www.profemvotice.cz\/wp-content\/uploads\/2023\/03\/OZP-1.png\" alt=\"OZP-1\" itemprop=\"image\" title=\"OZP-1\" onerror=\"this.style.display='none'\"  \/>\n\t\t\t\t<\/a>\n\t\t\t\t<a href=\"https:\/\/www.zpmvcr.cz\/\" target=\"_blank\" rel=\"noopener\"  itemprop=\"url\">\n\t\t\t\t<img decoding=\"async\" src=\"http:\/\/www.profemvotice.cz\/wp-content\/uploads\/2023\/03\/PMV-1.png\" alt=\"PMV-1\" itemprop=\"image\" title=\"PMV-1\" onerror=\"this.style.display='none'\"  \/>\n\t\t\t\t<\/a>\n\t<h2>\n\t\t\t\t\tOrdina\u010dn\u00ed hodiny\n\t\t\t\t<\/h2>\n\t\t\t<p><strong>PO<\/strong> \u00a07:00-11:30\u00a0 \u00a012:00 &#8211; 16:00<br \/><strong>\u00daT<\/strong> \u00a07:00-11:30\u00a0 \u00a012:00 &#8211; 14:00<br \/><strong>ST<\/strong> \u00a0\u00a07:00-13:00<br \/><strong>\u010cT<\/strong>\u00a0\u00a0\u00a07:00-11:00<br \/><strong>P\u00c1<\/strong>\u00a0\u00a0\u00a07:00-11:00<\/p>\n\t\t\t<a href=\"#kontakt\" target=\"_self\"  role=\"button\">\n\t\t\t\t\t\tRezervujte si n\u00e1v\u0161t\u011bvu\n\t\t<\/a>\n\t<h2>\n\t\t\t\t\tJak n\u00e1s naleznete\n\t\t\t\t<\/h2>\n\t\t\t<p>Gynekologick\u00e1 ambulance Profem s.r.o. se nach\u00e1z\u00ed v centru m\u011bsta Votice v p\u011b\u0161\u00ed dostupnosti autobusov\u00e9ho stanovi\u0161t\u011b Votice. Parkov\u00e1n\u00ed je dostupn\u00e9 na m\u011bstsk\u00e9m parkovi\u0161ti, kter\u00e9 se nach\u00e1z\u00ed jen p\u00e1r metr\u016f od na\u0161\u00ed ambulance.<\/p>\n\t\t\t<a href=\"#https:\/\/www.google.com\/maps\/place\/PROFEM+s.r.o.+-+gynekologick%C3%A1+praxe\/@49.6387029,14.6410648,15z\/data=!4m6!3m5!1s0x470c83b37ae77c07:0xeb6f26982de7305!8m2!3d49.6387029!4d14.6410648!16s%2Fg%2F11b6v0z6dj\" target=\"_blank\" rel=\"noopener\"class=\"uabb-button uabb-creative-button uabb-creative-default-btn   \"  role=\"button\">\n\t\t\t\t\t\tOtev\u0159\u00edt v Google Maps\n\t\t<\/a>\n\t<ul>\n\t\t<li>\t\t\t\t\n\t\t<h4>Adresa<\/h4><p><strong>PROFEM s.r.o.<\/strong> \u00a0Komensk\u00e9ho n\u00e1m\u011bst\u00ed 155<br \/>259 01 Votice<\/p><\/li>\t<\/ul>\n\t<ul>\n\t\t<li>\t\t\t\t\n\t\t<h4>Telefon<\/h4><p>+(420) 725 075 805SMS NE- NEREAGUJEME NA SMS<\/p><\/li>\t<\/ul>\n\t<ul>\n\t\t<li>\t\t\t\t\n\t\t<h4>Email l\u00e9ka\u0159e<\/h4><p>valachovic@profemvotice.cz<\/p><h3><strong><em>Nepsat objedn\u00e1vky term\u00edn\u016f ani po\u017eadavky na recepty!\u00a0<\/em><\/strong><\/h3><\/li>\t<\/ul>\n\t<ul>\n\t\t<li>\t\t\t\t\n\t\t<h4>Objedn\u00e1vky term\u00edn\u016f, Recepty (uv\u00e1d\u011bt jm\u00e9no, p\u0159\u00edjmen\u00ed, datum narozen\u00ed, telefonn\u00ed \u010d\u00edslo a n\u00e1zev l\u00e9ku)<\/h4><p>recepty@profemvotice.cz<\/p><\/li>\t<\/ul>\n\t<iframe src=\"https:\/\/www.google.com\/maps\/embed?pb=!1m14!1m8!1m3!1d527.6392816328762!2d14.641267120562514!3d49.6386924331956!3m2!1i1024!2i768!4f13.1!3m3!1m2!1s0x470c83b37ae77c07%3A0xeb6f26982de7305!2sPROFEM%20s.r.o.%20-%20gynekologick%C3%A1%20praxe!5e0!3m2!1scs!2scz!4v1680083356975!5m2!1scs!2scz\" width=\"600\" height=\"655\" allowfullscreen=\"\" loading=\"lazy\" referrerpolicy=\"no-referrer-when-downgrade\"><\/iframe>\n\n","protected":false},"excerpt":{"rendered":"<p>Gynekologick\u00e1 ambulancev centru m\u011bsta Votice Gynekologick\u00e1 ambulance MUDr. Martina Valachovi\u010de se nach\u00e1z\u00ed ve Votic\u00edch, s dobrou dostupnost\u00ed z Bene\u0161ova, Sedl\u010dan, T\u00e1bora a Vla\u0161imi. INFO \u00a0 V tyto uveden\u00e9 dny a tak\u00e9 mimo pracovn\u00ed dobu na\u0161\u00ed ambulance v akutn\u00edch p\u0159\u00edpadech\u00a0 zastupuje gynekologick\u00e1 ambulance nemocnice Bene\u0161ov. \u00a0 MUDr. Martin Valachovi\u010d Ambulanc\u00ed gynekologie a porodnictv\u00ed MUDr. Martina Valachovi\u010de [&hellip;]<\/p>\n","protected":false},"author":1,"featured_media":0,"parent":0,"menu_order":0,"comment_status":"closed","ping_status":"closed","template":"","meta":{"site-sidebar-layout":"no-sidebar","site-content-layout":"page-builder","ast-site-content-layout":"","site-content-style":"default","site-sidebar-style":"default","ast-global-header-display":"","ast-banner-title-visibility":"","ast-main-header-display":"","ast-hfb-above-header-display":"","ast-hfb-below-header-display":"","ast-hfb-mobile-header-display":"","site-post-title":"disabled","ast-breadcrumbs-content":"","ast-featured-img":"disabled","footer-sml-layout":"","theme-transparent-header-meta":"enabled","adv-header-id-meta":"","stick-header-meta":"","header-above-stick-meta":"","header-main-stick-meta":"","header-below-stick-meta":"","astra-migrate-meta-layouts":"default","ast-page-background-enabled":"default","ast-page-background-meta":{"desktop":{"background-color":"","background-image":"","background-repeat":"repeat","background-position":"center center","background-size":"auto","background-attachment":"scroll","background-type":"","background-media":"","overlay-type":"","overlay-color":"","overlay-gradient":""},"tablet":{"background-color":"","background-image":"","background-repeat":"repeat","background-position":"center center","background-size":"auto","background-attachment":"scroll","background-type":"","background-media":"","overlay-type":"","overlay-color":"","overlay-gradient":""},"mobile":{"background-color":"","background-image":"","background-repeat":"repeat","background-position":"center center","background-size":"auto","background-attachment":"scroll","background-type":"","background-media":"","overlay-type":"","overlay-color":"","overlay-gradient":""}},"ast-content-background-meta":{"desktop":{"background-color":"var(--ast-global-color-5)","background-image":"","background-repeat":"repeat","background-position":"center center","background-size":"auto","background-attachment":"scroll","background-type":"","background-media":"","overlay-type":"","overlay-color":"","overlay-gradient":""},"tablet":{"background-color":"var(--ast-global-color-5)","background-image":"","background-repeat":"repeat","background-position":"center center","background-size":"auto","background-attachment":"scroll","background-type":"","background-media":"","overlay-type":"","overlay-color":"","overlay-gradient":""},"mobile":{"background-color":"var(--ast-global-color-5)","background-image":"","background-repeat":"repeat","background-position":"center center","background-size":"auto","background-attachment":"scroll","background-type":"","background-media":"","overlay-type":"","overlay-color":"","overlay-gradient":""}},"footnotes":""},"class_list":["post-6","page","type-page","status-publish","hentry"],"_links":{"self":[{"href":"https:\/\/www.profemvotice.cz\/index.php?rest_route=\/wp\/v2\/pages\/6","targetHints":{"allow":["GET"]}}],"collection":[{"href":"https:\/\/www.profemvotice.cz\/index.php?rest_route=\/wp\/v2\/pages"}],"about":[{"href":"https:\/\/www.profemvotice.cz\/index.php?rest_route=\/wp\/v2\/types\/page"}],"author":[{"embeddable":true,"href":"https:\/\/www.profemvotice.cz\/index.php?rest_route=\/wp\/v2\/users\/1"}],"replies":[{"embeddable":true,"href":"https:\/\/www.profemvotice.cz\/index.php?rest_route=%2Fwp%2Fv2%2Fcomments&post=6"}],"version-history":[{"count":100,"href":"https:\/\/www.profemvotice.cz\/index.php?rest_route=\/wp\/v2\/pages\/6\/revisions"}],"predecessor-version":[{"id":1418,"href":"https:\/\/www.profemvotice.cz\/index.php?rest_route=\/wp\/v2\/pages\/6\/revisions\/1418"}],"wp:attachment":[{"href":"https:\/\/www.profemvotice.cz\/index.php?rest_route=%2Fwp%2Fv2%2Fmedia&parent=6"}],"curies":[{"name":"wp","href":"https:\/\/api.w.org\/{rel}","templated":true}]}}